{"id":2553,"date":"2023-02-16T11:56:52","date_gmt":"2023-02-16T10:56:52","guid":{"rendered":"http:\/\/bashkiamirdite.gov.al\/?page_id=2553"},"modified":"2024-12-04T11:46:22","modified_gmt":"2024-12-04T10:46:22","slug":"numri-i-references-se-procedures-kontrates","status":"publish","type":"page","link":"https:\/\/bashkiamirdite.gov.al\/?page_id=2553","title":{"rendered":"Numri i Referenc\u00ebs s\u00eb Procedur\u00ebs \/Kontrat\u00ebs"},"content":{"rendered":"\r\n\r\n\r\n<ul>\r\n<li><strong><a href=\"https:\/\/bashkiamirdite.gov.al\/wp-content\/uploads\/2024\/11\/Regjistri-i-realizimeve-te-prokurimeve-2024.xlsx\">Regjistri i Realizimeve t\u00eb Prokurimit Publik p\u00ebr Vitin 2024<\/a><\/strong><\/li>\r\n<\/ul>\r\n<ul>\r\n<li><strong><a href=\"https:\/\/bashkiamirdite.gov.al\/wp-content\/uploads\/2023\/11\/Regjistri-i-realizimeve-te-prokurimit-publik-2023-1.pdf\">Regjistri i Realizimeve t\u00eb Prokurimit Publik p\u00ebr Vitin 2023 (P\u00ebrdit\u00ebsim)<\/a><\/strong><\/li>\r\n<\/ul>\r\n<p><strong>\r\n\r\n<\/strong><\/p>\r\n<ul>\r\n<li><strong><a href=\"https:\/\/bashkiamirdite.gov.al\/wp-content\/uploads\/2023\/07\/Regjistri-i-realizimeve-te-prokurimeve-publike-2022.xlsx\">Regjistri i Prokurimeve Publike p\u00ebr Vitin 2022<\/a><\/strong><\/li>\r\n<\/ul>\r\n<p><strong><\/strong><\/p>\r\n<ul>\r\n<li><strong><a href=\"https:\/\/bashkiamirdite.gov.al\/wp-content\/uploads\/2022\/05\/Regjistri-i-realizimeve-te-prokurimit-publik.pdf\">Regjistri i Prokurimeve Publike p\u00ebr Vitin 2021<\/a><\/strong><\/li>\r\n<\/ul>\r\n","protected":false},"excerpt":{"rendered":"<p>Regjistri i Realizimeve t\u00eb Prokurimit Publik p\u00ebr Vitin 2024 Regjistri i Realizimeve t\u00eb Prokurimit Publik p\u00ebr Vitin 2023 (P\u00ebrdit\u00ebsim) Regjistri i Prokurimeve Publike p\u00ebr Vitin 2022 Regjistri i Prokurimeve Publike p\u00ebr Vitin 2021<\/p>\n","protected":false},"author":2,"featured_media":0,"parent":0,"menu_order":0,"comment_status":"closed","ping_status":"closed","template":"","meta":[],"_links":{"self":[{"href":"https:\/\/bashkiamirdite.gov.al\/index.php?rest_route=\/wp\/v2\/pages\/2553"}],"collection":[{"href":"https:\/\/bashkiamirdite.gov.al\/index.php?rest_route=\/wp\/v2\/pages"}],"about":[{"href":"https:\/\/bashkiamirdite.gov.al\/index.php?rest_route=\/wp\/v2\/types\/page"}],"author":[{"embeddable":true,"href":"https:\/\/bashkiamirdite.gov.al\/index.php?rest_route=\/wp\/v2\/users\/2"}],"replies":[{"embeddable":true,"href":"https:\/\/bashkiamirdite.gov.al\/index.php?rest_route=%2Fwp%2Fv2%2Fcomments&post=2553"}],"version-history":[{"count":7,"href":"https:\/\/bashkiamirdite.gov.al\/index.php?rest_route=\/wp\/v2\/pages\/2553\/revisions"}],"predecessor-version":[{"id":3663,"href":"https:\/\/bashkiamirdite.gov.al\/index.php?rest_route=\/wp\/v2\/pages\/2553\/revisions\/3663"}],"wp:attachment":[{"href":"https:\/\/bashkiamirdite.gov.al\/index.php?rest_route=%2Fwp%2Fv2%2Fmedia&parent=2553"}],"curies":[{"name":"wp","href":"https:\/\/api.w.org\/{rel}","templated":true}]}}