{"id":3702,"date":"2023-11-28T23:52:06","date_gmt":"2023-11-28T22:52:06","guid":{"rendered":"http:\/\/bashkiamirdite.gov.al\/?page_id=3702"},"modified":"2023-11-28T23:52:06","modified_gmt":"2023-11-28T22:52:06","slug":"te-gjitha-informacionet-dhe-dokumentat-qe-jane-me-te-kerkuara-nga-qytetaret-ndermjet-kerkeses-per-informacion","status":"publish","type":"page","link":"https:\/\/bashkiamirdite.gov.al\/?page_id=3702","title":{"rendered":"T\u00eb gjitha informacionet dhe dokumentat q\u00eb jan\u00eb m\u00eb t\u00eb k\u00ebrkuara nga qytetaret nd\u00ebrmjet k\u00ebrkes\u00ebs p\u00ebr informacion"},"content":{"rendered":"<ul>\n<li><strong><a href=\"https:\/\/bashkiamirdite.gov.al\/wp-content\/uploads\/2023\/11\/Kriteret-e-perfitimit-te-burses-per-nxenesit-e-arsimit-parauniversitar.pdf\">Kriteret e perfitimit te burses per nxenesit e arsimit parauniversitar<\/a> <\/strong><\/li>\n<li><strong><a href=\"https:\/\/bashkiamirdite.gov.al\/wp-content\/uploads\/2023\/11\/Kriteret-per-perfitim-bonus-qiraje.pdf\">Kriteret per perfitim bonus qiraje<\/a><\/strong><\/li>\n<\/ul>\n","protected":false},"excerpt":{"rendered":"<p>Kriteret e perfitimit te burses per nxenesit e arsimit parauniversitar Kriteret per perfitim bonus qiraje<\/p>\n","protected":false},"author":2,"featured_media":0,"parent":0,"menu_order":0,"comment_status":"closed","ping_status":"closed","template":"","meta":[],"_links":{"self":[{"href":"https:\/\/bashkiamirdite.gov.al\/index.php?rest_route=\/wp\/v2\/pages\/3702"}],"collection":[{"href":"https:\/\/bashkiamirdite.gov.al\/index.php?rest_route=\/wp\/v2\/pages"}],"about":[{"href":"https:\/\/bashkiamirdite.gov.al\/index.php?rest_route=\/wp\/v2\/types\/page"}],"author":[{"embeddable":true,"href":"https:\/\/bashkiamirdite.gov.al\/index.php?rest_route=\/wp\/v2\/users\/2"}],"replies":[{"embeddable":true,"href":"https:\/\/bashkiamirdite.gov.al\/index.php?rest_route=%2Fwp%2Fv2%2Fcomments&post=3702"}],"version-history":[{"count":1,"href":"https:\/\/bashkiamirdite.gov.al\/index.php?rest_route=\/wp\/v2\/pages\/3702\/revisions"}],"predecessor-version":[{"id":3704,"href":"https:\/\/bashkiamirdite.gov.al\/index.php?rest_route=\/wp\/v2\/pages\/3702\/revisions\/3704"}],"wp:attachment":[{"href":"https:\/\/bashkiamirdite.gov.al\/index.php?rest_route=%2Fwp%2Fv2%2Fmedia&parent=3702"}],"curies":[{"name":"wp","href":"https:\/\/api.w.org\/{rel}","templated":true}]}}