{"id":5166,"date":"2024-05-15T11:02:01","date_gmt":"2024-05-15T09:02:01","guid":{"rendered":"http:\/\/bashkiamirdite.gov.al\/?page_id=5166"},"modified":"2025-05-19T12:55:24","modified_gmt":"2025-05-19T10:55:24","slug":"raporte-per-punen-veprimtarine-e-keshillit-bashkiak-mirdite","status":"publish","type":"page","link":"https:\/\/bashkiamirdite.gov.al\/?page_id=5166","title":{"rendered":"Raporte p\u00ebr Pun\u00ebn\/Veprimtarin\u00eb e K\u00ebshillit Bashkiak Mirdit\u00eb"},"content":{"rendered":"<ul>\n<li><strong><a href=\"https:\/\/bashkiamirdite.gov.al\/wp-content\/uploads\/2025\/05\/Raporti-i-Performances-2024.pdf\">Raport p\u00ebr Pun\u00ebn e K\u00ebshillit Bashkiak Mirdit\u00eb, Viti 2024<\/a><\/strong><\/li>\n<li><strong><a href=\"https:\/\/bashkiamirdite.gov.al\/wp-content\/uploads\/2024\/05\/Raport-per-punen-e-Keshillit-Bashkiak-per-vitin-2023.pdf\">Raport p\u00ebr Pun\u00ebn e K\u00ebshillit Bashkiak Mirdit\u00eb, Viti 2023<\/a><\/strong><\/li>\n<li id=\"\"><strong><a href=\"https:\/\/bashkiamirdite.gov.al\/wp-content\/uploads\/2023\/10\/Raport-per-punen-dhe-vep.-e-keshillit-bashkaik-2022_compressed.pdf\">Raport p\u00ebr Pun\u00ebn e K\u00ebshillit Bashkiak Mirdit\u00eb, Viti 2022<\/a><\/strong><\/li>\n<\/ul>\n","protected":false},"excerpt":{"rendered":"<p>Raport p\u00ebr Pun\u00ebn e K\u00ebshillit Bashkiak Mirdit\u00eb, Viti 2024 Raport p\u00ebr Pun\u00ebn e K\u00ebshillit Bashkiak Mirdit\u00eb, Viti 2023 Raport p\u00ebr Pun\u00ebn e K\u00ebshillit Bashkiak Mirdit\u00eb, Viti 2022<\/p>\n","protected":false},"author":2,"featured_media":0,"parent":0,"menu_order":0,"comment_status":"closed","ping_status":"closed","template":"","meta":[],"_links":{"self":[{"href":"https:\/\/bashkiamirdite.gov.al\/index.php?rest_route=\/wp\/v2\/pages\/5166"}],"collection":[{"href":"https:\/\/bashkiamirdite.gov.al\/index.php?rest_route=\/wp\/v2\/pages"}],"about":[{"href":"https:\/\/bashkiamirdite.gov.al\/index.php?rest_route=\/wp\/v2\/types\/page"}],"author":[{"embeddable":true,"href":"https:\/\/bashkiamirdite.gov.al\/index.php?rest_route=\/wp\/v2\/users\/2"}],"replies":[{"embeddable":true,"href":"https:\/\/bashkiamirdite.gov.al\/index.php?rest_route=%2Fwp%2Fv2%2Fcomments&post=5166"}],"version-history":[{"count":4,"href":"https:\/\/bashkiamirdite.gov.al\/index.php?rest_route=\/wp\/v2\/pages\/5166\/revisions"}],"predecessor-version":[{"id":6727,"href":"https:\/\/bashkiamirdite.gov.al\/index.php?rest_route=\/wp\/v2\/pages\/5166\/revisions\/6727"}],"wp:attachment":[{"href":"https:\/\/bashkiamirdite.gov.al\/index.php?rest_route=%2Fwp%2Fv2%2Fmedia&parent=5166"}],"curies":[{"name":"wp","href":"https:\/\/api.w.org\/{rel}","templated":true}]}}