{"id":6644,"date":"2025-04-09T14:37:57","date_gmt":"2025-04-09T12:37:57","guid":{"rendered":"http:\/\/bashkiamirdite.gov.al\/?page_id=6644"},"modified":"2026-03-05T09:21:25","modified_gmt":"2026-03-05T08:21:25","slug":"regjistri-i-kerkesave-dhe-pergjigjeve-2025-perditesim","status":"publish","type":"page","link":"https:\/\/bashkiamirdite.gov.al\/?page_id=6644","title":{"rendered":"Regjistri i K\u00ebrkesave dhe P\u00ebrgjigjeve 2025"},"content":{"rendered":"<p>&nbsp;<\/p>\n<ul>\n<li><strong><a href=\"https:\/\/bashkiamirdite.gov.al\/wp-content\/uploads\/2026\/03\/Regjistri-i-muajit-Dhjetor-2025.pdf\">Regjistri i K\u00ebrkesave dhe P\u00ebrgjigjeve, Dhjetor 2025<\/a><\/strong><\/li>\n<li><strong><a href=\"https:\/\/bashkiamirdite.gov.al\/wp-content\/uploads\/2026\/01\/Regjistri-nentor-2025.pdf\">Regjistri i K\u00ebrkesave dhe P\u00ebrgjigjeve, N\u00ebntor 2025<\/a><\/strong><\/li>\n<li><strong><a href=\"https:\/\/bashkiamirdite.gov.al\/wp-content\/uploads\/2025\/11\/Regjistri-i-muajit-tetor-2025.pdf\">Regjistri i K\u00ebrkesave dhe P\u00ebrgjigjeve, Tetor 2025<\/a><\/strong><\/li>\n<li><strong><a href=\"https:\/\/bashkiamirdite.gov.al\/wp-content\/uploads\/2025\/11\/Regjistri-i-muajit-shtator-2025.pdf\">Regjistri i K\u00ebrkesave dhe P\u00ebrgjigjeve, Shtator 2025<\/a><\/strong><\/li>\n<li><strong><a href=\"https:\/\/bashkiamirdite.gov.al\/wp-content\/uploads\/2025\/09\/Regjistri-i-muajit-Gusht-2025.pdf\">Regjistri i K\u00ebrkesave dhe P\u00ebrgjigjeve, Gusht 2025<\/a><\/strong><\/li>\n<li><strong><a href=\"https:\/\/bashkiamirdite.gov.al\/wp-content\/uploads\/2025\/09\/Regjistri-i-muajit-Korrik-2025.pdf\">Regjistri i K\u00ebrkesave dhe P\u00ebrgjigjeve, Korrik 2025<\/a><\/strong><\/li>\n<li><strong><a href=\"https:\/\/bashkiamirdite.gov.al\/wp-content\/uploads\/2025\/07\/Regjistri-Qershor-2025.pdf\">Regjistri i K\u00ebrkesave dhe P\u00ebrgjigjeve, Qershor 2025<\/a><\/strong><\/li>\n<li><strong><a href=\"https:\/\/bashkiamirdite.gov.al\/wp-content\/uploads\/2025\/06\/Maj-2025-1.pdf\">Regjistri i K\u00ebrkesave dhe P\u00ebrgjigjeve, Maj 2025<\/a><\/strong><\/li>\n<li><strong><a href=\"https:\/\/bashkiamirdite.gov.al\/wp-content\/uploads\/2025\/06\/Regjistri-i-muajit-Prill-2025.pdf\">Regjistri i K\u00ebrkesave dhe P\u00ebrgjigjeve, Prill 2025<\/a><\/strong><\/li>\n<li><strong><a href=\"https:\/\/bashkiamirdite.gov.al\/wp-content\/uploads\/2025\/05\/Regjistri-i-muajit-Mars-2025.pdf\">Regjistri i K\u00ebrkesave dhe P\u00ebrgjigjeve, Mars 2025<\/a><\/strong><\/li>\n<li><strong><a href=\"https:\/\/bashkiamirdite.gov.al\/wp-content\/uploads\/2025\/04\/Regjistri-i-muajit-shkurt-2025-1.pdf\">Regjistri i K\u00ebrkesave dhe P\u00ebrgjigjeve, Shkurt 2025<\/a><\/strong><\/li>\n<li><strong><a href=\"https:\/\/bashkiamirdite.gov.al\/wp-content\/uploads\/2025\/02\/Regjistri-janar-2025.pdf\">Regjistri i K\u00ebrkesave dhe P\u00ebrgjigjeve, Janar 2025<\/a><\/strong><\/li>\n<\/ul>\n","protected":false},"excerpt":{"rendered":"<p>&nbsp; Regjistri i K\u00ebrkesave dhe P\u00ebrgjigjeve, Dhjetor 2025 Regjistri i K\u00ebrkesave dhe P\u00ebrgjigjeve, N\u00ebntor 2025 Regjistri i K\u00ebrkesave dhe P\u00ebrgjigjeve, Tetor 2025 Regjistri i K\u00ebrkesave dhe P\u00ebrgjigjeve, Shtator 2025 Regjistri i K\u00ebrkesave dhe P\u00ebrgjigjeve, Gusht 2025 Regjistri i K\u00ebrkesave dhe P\u00ebrgjigjeve, Korrik 2025 Regjistri i K\u00ebrkesave dhe P\u00ebrgjigjeve, Qershor 2025 Regjistri i K\u00ebrkesave dhe P\u00ebrgjigjeve, [&hellip;]<\/p>\n","protected":false},"author":2,"featured_media":0,"parent":0,"menu_order":0,"comment_status":"closed","ping_status":"closed","template":"","meta":[],"_links":{"self":[{"href":"https:\/\/bashkiamirdite.gov.al\/index.php?rest_route=\/wp\/v2\/pages\/6644"}],"collection":[{"href":"https:\/\/bashkiamirdite.gov.al\/index.php?rest_route=\/wp\/v2\/pages"}],"about":[{"href":"https:\/\/bashkiamirdite.gov.al\/index.php?rest_route=\/wp\/v2\/types\/page"}],"author":[{"embeddable":true,"href":"https:\/\/bashkiamirdite.gov.al\/index.php?rest_route=\/wp\/v2\/users\/2"}],"replies":[{"embeddable":true,"href":"https:\/\/bashkiamirdite.gov.al\/index.php?rest_route=%2Fwp%2Fv2%2Fcomments&post=6644"}],"version-history":[{"count":9,"href":"https:\/\/bashkiamirdite.gov.al\/index.php?rest_route=\/wp\/v2\/pages\/6644\/revisions"}],"predecessor-version":[{"id":7992,"href":"https:\/\/bashkiamirdite.gov.al\/index.php?rest_route=\/wp\/v2\/pages\/6644\/revisions\/7992"}],"wp:attachment":[{"href":"https:\/\/bashkiamirdite.gov.al\/index.php?rest_route=%2Fwp%2Fv2%2Fmedia&parent=6644"}],"curies":[{"name":"wp","href":"https:\/\/api.w.org\/{rel}","templated":true}]}}