{"id":7984,"date":"2026-03-05T09:11:43","date_gmt":"2026-03-05T08:11:43","guid":{"rendered":"https:\/\/bashkiamirdite.gov.al\/?page_id=7984"},"modified":"2026-03-05T09:22:14","modified_gmt":"2026-03-05T08:22:14","slug":"regjistri-i-kerkesave-dhe-pergjigjeve-2","status":"publish","type":"page","link":"https:\/\/bashkiamirdite.gov.al\/?page_id=7984","title":{"rendered":"Regjistri i k\u00ebrkesave dhe p\u00ebrgjigjeve"},"content":{"rendered":"<ul>\n<li><strong><a href=\"https:\/\/bashkiamirdite.gov.al\/?page_id=7986\">Regjistri i K\u00ebrkesave dhe P\u00ebrgjigjeve 2026<\/a><\/strong><\/li>\n<li><strong><a href=\"https:\/\/bashkiamirdite.gov.al\/?page_id=6644\">Regjistri i K\u00ebrkesave dhe P\u00ebrgjigjeve 2025<\/a><\/strong><\/li>\n<li><strong><a href=\"https:\/\/bashkiamirdite.gov.al\/?page_id=6276\">Regjistri i K\u00ebrkesave dhe P\u00ebrgjigjeve 2024<\/a><\/strong><\/li>\n<li><strong><a href=\"https:\/\/bashkiamirdite.gov.al\/?page_id=4626\">Regjistri i K\u00ebrkesave dhe P\u00ebrgjigjeve 2023<\/a><\/strong><\/li>\n<li><strong><a href=\"https:\/\/bashkiamirdite.gov.al\/?page_id=4621\">Regjistri i K\u00ebrkesave dhe P\u00ebrgjigjeve 2022<\/a><\/strong><\/li>\n<li><strong><a href=\"https:\/\/bashkiamirdite.gov.al\/?page_id=4607\">Regjistri i K\u00ebrkesave dhe P\u00ebrgjigjeve 2021<\/a><\/strong><\/li>\n<\/ul>\n","protected":false},"excerpt":{"rendered":"<p>Regjistri i K\u00ebrkesave dhe P\u00ebrgjigjeve 2026 Regjistri i K\u00ebrkesave dhe P\u00ebrgjigjeve 2025 Regjistri i K\u00ebrkesave dhe P\u00ebrgjigjeve 2024 Regjistri i K\u00ebrkesave dhe P\u00ebrgjigjeve 2023 Regjistri i K\u00ebrkesave dhe P\u00ebrgjigjeve 2022 Regjistri i K\u00ebrkesave dhe P\u00ebrgjigjeve 2021<\/p>\n","protected":false},"author":2,"featured_media":0,"parent":0,"menu_order":0,"comment_status":"closed","ping_status":"closed","template":"","meta":[],"_links":{"self":[{"href":"https:\/\/bashkiamirdite.gov.al\/index.php?rest_route=\/wp\/v2\/pages\/7984"}],"collection":[{"href":"https:\/\/bashkiamirdite.gov.al\/index.php?rest_route=\/wp\/v2\/pages"}],"about":[{"href":"https:\/\/bashkiamirdite.gov.al\/index.php?rest_route=\/wp\/v2\/types\/page"}],"author":[{"embeddable":true,"href":"https:\/\/bashkiamirdite.gov.al\/index.php?rest_route=\/wp\/v2\/users\/2"}],"replies":[{"embeddable":true,"href":"https:\/\/bashkiamirdite.gov.al\/index.php?rest_route=%2Fwp%2Fv2%2Fcomments&post=7984"}],"version-history":[{"count":3,"href":"https:\/\/bashkiamirdite.gov.al\/index.php?rest_route=\/wp\/v2\/pages\/7984\/revisions"}],"predecessor-version":[{"id":7994,"href":"https:\/\/bashkiamirdite.gov.al\/index.php?rest_route=\/wp\/v2\/pages\/7984\/revisions\/7994"}],"wp:attachment":[{"href":"https:\/\/bashkiamirdite.gov.al\/index.php?rest_route=%2Fwp%2Fv2%2Fmedia&parent=7984"}],"curies":[{"name":"wp","href":"https:\/\/api.w.org\/{rel}","templated":true}]}}